{"id":10,"date":"2019-01-08T12:47:28","date_gmt":"2019-01-08T11:47:28","guid":{"rendered":"https:\/\/fcb-fanclub-mietraching.de\/?page_id=10"},"modified":"2025-07-26T12:20:00","modified_gmt":"2025-07-26T11:20:00","slug":"vorstand","status":"publish","type":"page","link":"https:\/\/www.fcb-fanclub-mietraching.de\/index.php\/vereinsgruendung-und-geschichte\/vorstand\/","title":{"rendered":"Vorstand"},"content":{"rendered":"\n<div class=\"wp-block-media-text alignwide is-stacked-on-mobile\" style=\"grid-template-columns:21% auto\"><figure class=\"wp-block-media-text__media\"><img loading=\"lazy\" decoding=\"async\" width=\"150\" height=\"200\" src=\"https:\/\/fcb-fanclub-mietraching.de\/wp-content\/uploads\/2019\/01\/vorstand_neff-2.png\" alt=\"\" class=\"wp-image-41 size-full\"\/><\/figure><div class=\"wp-block-media-text__content\">\n<p>Robert Neff<br>1. Vorstand<br><br>Tel.: +49 8031 2200728 (Anrufbeantworter)<\/p>\n\n\n\n<p><\/p>\n<\/div><\/div>\n\n\n\n<hr class=\"wp-block-separator has-css-opacity\"\/>\n\n\n\n<div class=\"wp-block-media-text alignwide is-stacked-on-mobile\" style=\"grid-template-columns:21% auto\"><figure class=\"wp-block-media-text__media\"><img loading=\"lazy\" decoding=\"async\" width=\"150\" height=\"200\" src=\"https:\/\/fcb-fanclub-mietraching.de\/wp-content\/uploads\/2019\/01\/vorstand_wittmann.png\" alt=\"\" class=\"wp-image-40 size-full\"\/><\/figure><div class=\"wp-block-media-text__content\">\n<p>Udo Wittmann<br>2. Vorstand<br><br>Mobil: +49 176 77223711<\/p>\n<\/div><\/div>\n\n\n\n<hr class=\"wp-block-separator has-css-opacity\"\/>\n\n\n\n<p><br><\/p>\n\n\n\n<div class=\"wp-block-media-text alignwide is-stacked-on-mobile\" style=\"grid-template-columns:21% auto\"><figure class=\"wp-block-media-text__media\"><\/figure><div class=\"wp-block-media-text__content\">\n<p>Uwe Eisentraut (Bild folgt)<\/p>\n\n\n\n<p>1. Kassierer<\/p>\n<\/div><\/div>\n\n\n\n<hr class=\"wp-block-separator has-css-opacity\"\/>\n\n\n\n<div class=\"wp-block-media-text alignwide is-stacked-on-mobile\" style=\"grid-template-columns:21% auto\"><figure class=\"wp-block-media-text__media\"><img loading=\"lazy\" decoding=\"async\" width=\"135\" height=\"200\" src=\"https:\/\/fcb-fanclub-mietraching.de\/wp-content\/uploads\/2019\/01\/vorstand_schlosser.png\" alt=\"\" class=\"wp-image-43 size-full\"\/><\/figure><div class=\"wp-block-media-text__content\">\n<p>Hans Schlosser<br>2. Kassierer<\/p>\n<\/div><\/div>\n\n\n\n<hr class=\"wp-block-separator has-css-opacity\"\/>\n\n\n\n<hr class=\"wp-block-separator has-css-opacity\"\/>\n\n\n\n<figure class=\"wp-block-image size-large is-resized\"><img loading=\"lazy\" decoding=\"async\" width=\"768\" height=\"1024\" src=\"https:\/\/www.fcb-fanclub-mietraching.de\/wp-content\/uploads\/2025\/04\/IMG-20250408-WA0007-1-768x1024.jpg\" alt=\"\" class=\"wp-image-1194\" style=\"width:183px;height:auto\" srcset=\"https:\/\/www.fcb-fanclub-mietraching.de\/wp-content\/uploads\/2025\/04\/IMG-20250408-WA0007-1-768x1024.jpg 768w, https:\/\/www.fcb-fanclub-mietraching.de\/wp-content\/uploads\/2025\/04\/IMG-20250408-WA0007-1-225x300.jpg 225w, https:\/\/www.fcb-fanclub-mietraching.de\/wp-content\/uploads\/2025\/04\/IMG-20250408-WA0007-1-1152x1536.jpg 1152w, https:\/\/www.fcb-fanclub-mietraching.de\/wp-content\/uploads\/2025\/04\/IMG-20250408-WA0007-1-1200x1600.jpg 1200w, https:\/\/www.fcb-fanclub-mietraching.de\/wp-content\/uploads\/2025\/04\/IMG-20250408-WA0007-1.jpg 1272w\" sizes=\"auto, (max-width: 768px) 85vw, 768px\" \/><\/figure>\n\n\n\n<p>Susanne Prei\u00dfinger         <\/p>\n\n\n\n<p>1.Schriftf\u00fchrerin<\/p>\n\n\n\n<figure class=\"wp-block-image size-large is-resized\"><img loading=\"lazy\" decoding=\"async\" width=\"768\" height=\"1024\" src=\"https:\/\/www.fcb-fanclub-mietraching.de\/wp-content\/uploads\/2025\/04\/IMG-20250329-WA0001-3-768x1024.jpg\" alt=\"\" class=\"wp-image-1198\" style=\"width:184px;height:auto\" srcset=\"https:\/\/www.fcb-fanclub-mietraching.de\/wp-content\/uploads\/2025\/04\/IMG-20250329-WA0001-3-768x1024.jpg 768w, https:\/\/www.fcb-fanclub-mietraching.de\/wp-content\/uploads\/2025\/04\/IMG-20250329-WA0001-3-225x300.jpg 225w, https:\/\/www.fcb-fanclub-mietraching.de\/wp-content\/uploads\/2025\/04\/IMG-20250329-WA0001-3-1152x1536.jpg 1152w, https:\/\/www.fcb-fanclub-mietraching.de\/wp-content\/uploads\/2025\/04\/IMG-20250329-WA0001-3-1200x1600.jpg 1200w, https:\/\/www.fcb-fanclub-mietraching.de\/wp-content\/uploads\/2025\/04\/IMG-20250329-WA0001-3.jpg 1530w\" sizes=\"auto, (max-width: 768px) 85vw, 768px\" \/><\/figure>\n\n\n\n<p>Michaela Schenkel<\/p>\n\n\n\n<p>2. Schriftf\u00fchrerin<\/p>\n\n\n\n<p><\/p>\n","protected":false},"excerpt":{"rendered":"<p>Robert Neff1. Vorstand Tel.: +49 8031 2200728 (Anrufbeantworter) Udo Wittmann2. Vorstand Mobil: +49 176 77223711 Uwe Eisentraut (Bild folgt) 1. Kassierer Hans Schlosser2. Kassierer Susanne Prei\u00dfinger 1.Schriftf\u00fchrerin Michaela Schenkel 2. Schriftf\u00fchrerin<\/p>\n","protected":false},"author":1,"featured_media":0,"parent":60,"menu_order":1,"comment_status":"closed","ping_status":"closed","template":"","meta":{"footnotes":""},"class_list":["post-10","page","type-page","status-publish","hentry"],"_links":{"self":[{"href":"https:\/\/www.fcb-fanclub-mietraching.de\/index.php\/wp-json\/wp\/v2\/pages\/10","targetHints":{"allow":["GET"]}}],"collection":[{"href":"https:\/\/www.fcb-fanclub-mietraching.de\/index.php\/wp-json\/wp\/v2\/pages"}],"about":[{"href":"https:\/\/www.fcb-fanclub-mietraching.de\/index.php\/wp-json\/wp\/v2\/types\/page"}],"author":[{"embeddable":true,"href":"https:\/\/www.fcb-fanclub-mietraching.de\/index.php\/wp-json\/wp\/v2\/users\/1"}],"replies":[{"embeddable":true,"href":"https:\/\/www.fcb-fanclub-mietraching.de\/index.php\/wp-json\/wp\/v2\/comments?post=10"}],"version-history":[{"count":29,"href":"https:\/\/www.fcb-fanclub-mietraching.de\/index.php\/wp-json\/wp\/v2\/pages\/10\/revisions"}],"predecessor-version":[{"id":1250,"href":"https:\/\/www.fcb-fanclub-mietraching.de\/index.php\/wp-json\/wp\/v2\/pages\/10\/revisions\/1250"}],"up":[{"embeddable":true,"href":"https:\/\/www.fcb-fanclub-mietraching.de\/index.php\/wp-json\/wp\/v2\/pages\/60"}],"wp:attachment":[{"href":"https:\/\/www.fcb-fanclub-mietraching.de\/index.php\/wp-json\/wp\/v2\/media?parent=10"}],"curies":[{"name":"wp","href":"https:\/\/api.w.org\/{rel}","templated":true}]}}